hen 36180 is divided by 110.
100
What is the remainder when 681 is divided by 90?
51
Calculate the remainder when 34236 is divided by 53.
51
What is the remainder when 11054 is divided by 1814?
170
What is the remainder when 415336 is divided by 42?
40
Calculate the remainder when 1935 is divided by 286.
219
Calculate the remainder when 7171 is divided by 205.
201
What is the remainder when 787257 is divided by 15?
12
Calculate the remainder when 179189 is divided by 448.
437
What is the remainder when 1275837 is divided by 20?
17
What is the remainder when 870505 is divided by 182?
181
Calculate the remainder when 241858 is divided by 20.
18
Calculate the remainder when 97881 is divided by 37.
16
What is the remainder when 3581700 is divided by 87?
84
What is the remainder when 4882 is divided by 64?
18
What is the remainder when 1881340 is divided by 470332?
12
What is the remainder when 4166717 is divided by 40?
37
Calculate the remainder when 1281 is divided by 241.
76
Calculate the remainder when 32111 is divided by 583.
46
What is the remainder when 8339 is divided by 2082?
11
Calculate the remainder when 131445 is divided by 327.
318
What is the remainder when 16679 is divided by 72?
47
What is the remainder when 2162 is divided by 31?
23
What is the remainder when 20670 is divided by 2479?
838
What is the remainder when 38402 is divided by 51?
50
Calculate the remainder when 62906 is divided by 12577.
21
Calculate the remainder when 10037 is divided by 109.
9
Calculate the remainder when 6078 is divided by 2851.
376
What is the remainder when 1768 is divided by 363?
316
Calculate the remainder when 13673 is divided by 129.
128
What is the remainder when 2483 is divided by 209?
184
What is the remainder when 5386 is divided by 1072?
26
Calculate the remainder when 2412 is divided by 1193.
26
What is the remainder when 7812 is divided by 279?
0
What is the remainder when 9234 is divided by 3078?
0
What is the remainder when 8666 is divided by 49?
42
Calculate the remainder when 16706 is divided by 5504.
194
What is the remainder when 5669 is divided by 2829?
11
Calculate the remainder when 3700 is divided by 22.
4
Calculate the remainder when 3424 is divided by 1645.
134
Calculate the remainder when 61048 is divided by 1454.
1434
What is the remainder when 151778 is divided by 30?
8
What is the remainder when 8039 is divided by 72?
47
Calculate the remainder when 344160 is divided by 68832.
0
Calculate the remainder when 11764 is divided by 2940.
4
What is the remainder when 8594 is divided by 36?
26
Calculate the remainder when 12058 is divided by 633.
31
What is the remainder when 35998 is divided by 18?
16
Calculate the remainder when 132104 is divided by 674.
0
What is the remainder when 122215 is divided by 7188?
19
What is the remainder when 3425 is divided by 111?
95
Calculate the remainder when 7088 is divided by 29.
12
What is the remainder when 25100 is divided by 1475?
25
Calculate the remainder when 1208 is divided by 552.
104
Calculate the remainder when 276 is divided by 55.
1
What is the remainder when 1899 is divided by 111?
12
What is the remainder when 40543 is divided by 45?
43
Calculate the remainder when 30487 is divided by 10149.
40
Calculate the remainder when 6478 is divided by 95.
18
Calculate the remainder when 3532 is divided by 1.
0
What is the remainder when 4051 is divided by 255?
226
Calculate the remainder when 368621 is divided by 80.
61
Calculate the remainder when 945 is divided by 69.
48
Calculate the remainder when 20582 is divided by 588.
2
What is the remainder when 1403 is divided by 384?
251
What is the remainder when 546667 is divided by 19?
18
What is the remainder when 4259 is divided by 2104?
51
What is the remainder when 36621 is divided by 285?
141
Calculate the remainder when 50023 is divided by 124.
51
What is the remainder when 11915 is divided by 155?
135
Calculate the remainder when 1579 is divided by 1492.
87
Calculate the remainder when 7490 is divided by 175.
140
Calculate the remainder when 6494 is divided by 193.
125
Calculate the remainder when 185758 is divided by 2444.
14
Calculate the remainder when 3124 is divided by 508.
76
Calculate the remainder when 6603 is divided by 199.
36
What is the remainder when 62425 is divided by 3?
1
What is the remainder when 1876 is divided by 220?
116
What is the remainder when 82915 is divided by 6?
1
Calculate the remainder when 26780 is divided by 14.
12
Calculate the remainder when 6940 is divided by 524.
128
Calculate the remainder when 4472 is divided by 501.
464
What is the remainder when 5025 is divided by 2182?
661
What is the remainder when 7511930 is divided by 21?
20
Calculate the remainder when 37114 is divided by 2180.
54
What is the remainder when 57392 is divided by 2768?
2032
What is the remainder when 100455 is divided by 5?
0
What is the remainder when 140984 is divided by 80?
24
Calculate the remainder when 4307 is divided by 561.
380
What is the remainder when 10686 is divided by 60?
6
What is the remainder when 1588 is divided by 318?
316
Calculate the remainder when 912716 is divided by 1131.
1130
What is the remainder when 5459 is divided by 542?
39
Calculate the remainder when 63840 is divided by 193.
150
What is the remainder when 15161 is divided by 21?
20
Calculate the remainder when 1584 is divided by 296.
104
What is the remainder when 1776 is divided by 1131?
645
Calculate the remainder when 13915 is divided by 4637.
4
Calculate the remainder when 985017 is divided by 28143.
12
Calculate the remainder when 1784 is divided by 86.
64
Calculate the remainder when 245272 is divided by 49028.
132
What is the remainder when 101008 is divided by 660?
28
What is the remainder when 66779 is divided by 22?
9
What is the remainder when 167111 is divided by 479?
419
Calculate the remainder when 4991 is divided by 711.
14
What is the remainder when 189193 is divided by 100?
93
Calculate the remainder when 15860 is divided by 91.
26
Calculate the remainder when 19228 is divided by 15.
13
What is the remainder when 743 is divided by 692?
51
What is the remainder when 6542 is divided by 6492?
50
Calculate the remainder when 4201 is divided by 595.
36
Calculate the remainder when 4102 is divided by 145.
42
Calculate the remainder when 53046 is divided by 726.
48
Calculate the remainder when 130 is divided by 75.
55
What is the remainder when 1328 is divided by 617?
94
Calculate the remainder when 62735 is divided by 158.
9
Calculate the remainder when 150224 is divided by 27.
23
Calculate the remainder when 194549 is divided by 3970.
19
Calculate the remainder when 11723 is divided by 451.
448
Calculate the remainder when 22363 is divided by 22352.
11
What is the remainder when 31917 is divided by 147?
18
What is the remainder when 2467 is divided by 32?
3
Calculate the remainder when 24081 is divided by 11.
2
Calculate the remainder when 2873 is divided by 313.
56
Calculate the remainder when 7558873 is divided by 3172.
3169
Calculate the remainder when 4553 is divided by 99.
98
What is the remainder when 37603 is divided by 119?
118
Calculate the remainder when 16849 is divided by 401.
7
What is the remainder when 14796 is divided by 3647?
208
Calculate the remainder when 11258 is divided by 115.
103
Calculate the remainder when 531 is divided by 90.
81
Calculate the remainder when 14455 is divided by 2855.
180
What is the remainder when 212750 is divided by 99?
98
Calculate the remainder when 2594 is divided by 92.
18
Calculate the remainder when 1491 is divided by 497.
0
Calculate the remainder when 39304 is divided by 153.
136
Calculate the remainder when 235698 is divided by 3061.
1
What is the remainder when 47702 is divided by 89?
87
What is the remainder when 58725 is divided by 19?
15
What is the remainder when 133298 is divided by 185?
98
Calculate the remainder when 76499 is divided by 495.
269
What is the remainder when 9347 is divided by 3111?
14
Calculate the remainder when 2296 is divided by 314.
98
What is the remainder when 305494 is divided by 26?
20
Calculate the remainder when 323552 is divided by 154.
152
Calculate the remainder when 2555777 is divided by 22.
15
Calculate the remainder when 137074 is di